{"id":2,"date":"2011-10-22T12:28:52","date_gmt":"2011-10-22T12:28:52","guid":{"rendered":"http:\/\/jordhen.ch\/preview\/strh\/?page_id=2"},"modified":"2011-11-12T14:18:23","modified_gmt":"2011-11-12T14:18:23","slug":"beispiel-seite","status":"publish","type":"page","link":"https:\/\/www.strh.ch\/","title":{"rendered":"Frontpage Block &#8211; Slogan"},"content":{"rendered":"<p>Willkommen bei der\u00a0<span class=\"greenHighlight\">Sch\u00f6nenberger Treuhand AG<\/span> &#8211;<br \/>\nIhrem Partner f\u00fcr individuelle Treuhandl\u00f6sungen<\/p>\n","protected":false},"excerpt":{"rendered":"<p>Willkommen bei der\u00a0Sch\u00f6nenberger Treuhand AG &#8211; Ihrem Partner f\u00fcr individuelle Treuhandl\u00f6sungen<\/p>\n","protected":false},"author":1,"featured_media":0,"parent":0,"menu_order":0,"comment_status":"open","ping_status":"open","template":"showcase.php","meta":{"footnotes":""},"_links":{"self":[{"href":"https:\/\/www.strh.ch\/index.php?rest_route=\/wp\/v2\/pages\/2"}],"collection":[{"href":"https:\/\/www.strh.ch\/index.php?rest_route=\/wp\/v2\/pages"}],"about":[{"href":"https:\/\/www.strh.ch\/index.php?rest_route=\/wp\/v2\/types\/page"}],"author":[{"embeddable":true,"href":"https:\/\/www.strh.ch\/index.php?rest_route=\/wp\/v2\/users\/1"}],"replies":[{"embeddable":true,"href":"https:\/\/www.strh.ch\/index.php?rest_route=%2Fwp%2Fv2%2Fcomments&post=2"}],"version-history":[{"count":12,"href":"https:\/\/www.strh.ch\/index.php?rest_route=\/wp\/v2\/pages\/2\/revisions"}],"predecessor-version":[{"id":126,"href":"https:\/\/www.strh.ch\/index.php?rest_route=\/wp\/v2\/pages\/2\/revisions\/126"}],"wp:attachment":[{"href":"https:\/\/www.strh.ch\/index.php?rest_route=%2Fwp%2Fv2%2Fmedia&parent=2"}],"curies":[{"name":"wp","href":"https:\/\/api.w.org\/{rel}","templated":true}]}}