{"id":39,"date":"2011-10-22T16:21:52","date_gmt":"2011-10-22T16:21:52","guid":{"rendered":"http:\/\/jordhen.ch\/preview\/strh\/?page_id=39"},"modified":"2011-11-13T13:28:32","modified_gmt":"2011-11-13T13:28:32","slug":"dienstleistungen","status":"publish","type":"page","link":"https:\/\/www.strh.ch\/?page_id=39","title":{"rendered":"Rechnungswesen"},"content":{"rendered":"<p>\u00dcberlassen Sie Ihre Zahlen nicht dem Zufall. Ein aktuelles, aussagekr\u00e4ftiges Rechnungswesen ist die Grundlage f\u00fcr zuk\u00fcnftige Entscheidungen. Wir betreuen Klein- und Mittelbetriebe aus verschiedenen Branchen. Dabei kann die ganze Buchhaltung bei uns oder Teilbereiche bei Ihnen gef\u00fchrt werden. Mit modernsten Hilfsmitteln finden wir die passende L\u00f6sung f\u00fcr Sie.<\/p>\n<h3>\u00dcbersicht:<\/h3>\n<ul>\n<li>Organisation des Rechnungswesens<\/li>\n<li>F\u00fchren von Finanzbuchhaltungen<\/li>\n<li>F\u00fchren von Debitoren- und Kreditorenbuchhaltungen<\/li>\n<li>Erstellen von Mehrwertsteuerabrechnungen<\/li>\n<li>Erstellen von Zwischenabschl\u00fcssen<\/li>\n<li>Erstellen von Jahresabschl\u00fcssen<\/li>\n<li>Ausarbeitung firmenspezifischer Auswertungen<\/li>\n<li>\u00dcbernahme der Budgetierung, Planung und Kontrolle<\/li>\n<\/ul>\n","protected":false},"excerpt":{"rendered":"<p>\u00dcberlassen Sie Ihre Zahlen nicht dem Zufall. Ein aktuelles, aussagekr\u00e4ftiges Rechnungswesen ist die Grundlage f\u00fcr zuk\u00fcnftige Entscheidungen. Wir betreuen Klein- und Mittelbetriebe aus verschiedenen Branchen. Dabei kann die ganze Buchhaltung bei uns oder Teilbereiche bei Ihnen gef\u00fchrt werden. Mit modernsten &hellip; <a href=\"https:\/\/www.strh.ch\/?page_id=39\">Weiterlesen <span class=\"meta-nav\">&rarr;<\/span><\/a><\/p>\n","protected":false},"author":1,"featured_media":0,"parent":0,"menu_order":4,"comment_status":"open","ping_status":"open","template":"","meta":{"footnotes":""},"_links":{"self":[{"href":"https:\/\/www.strh.ch\/index.php?rest_route=\/wp\/v2\/pages\/39"}],"collection":[{"href":"https:\/\/www.strh.ch\/index.php?rest_route=\/wp\/v2\/pages"}],"about":[{"href":"https:\/\/www.strh.ch\/index.php?rest_route=\/wp\/v2\/types\/page"}],"author":[{"embeddable":true,"href":"https:\/\/www.strh.ch\/index.php?rest_route=\/wp\/v2\/users\/1"}],"replies":[{"embeddable":true,"href":"https:\/\/www.strh.ch\/index.php?rest_route=%2Fwp%2Fv2%2Fcomments&post=39"}],"version-history":[{"count":8,"href":"https:\/\/www.strh.ch\/index.php?rest_route=\/wp\/v2\/pages\/39\/revisions"}],"predecessor-version":[{"id":130,"href":"https:\/\/www.strh.ch\/index.php?rest_route=\/wp\/v2\/pages\/39\/revisions\/130"}],"wp:attachment":[{"href":"https:\/\/www.strh.ch\/index.php?rest_route=%2Fwp%2Fv2%2Fmedia&parent=39"}],"curies":[{"name":"wp","href":"https:\/\/api.w.org\/{rel}","templated":true}]}}